{"id":5547,"date":"2021-02-24T17:58:37","date_gmt":"2021-02-24T16:58:37","guid":{"rendered":"https:\/\/brancaia.cyon.site\/azienda-vinicola\/annate\/vitigno-2008\/"},"modified":"2021-12-04T16:00:11","modified_gmt":"2021-12-04T15:00:11","slug":"vitigno-2008","status":"publish","type":"page","link":"https:\/\/brancaia.com\/it\/azienda\/annate\/vitigno-2008\/","title":{"rendered":"Vitigno 2008"},"content":{"rendered":"<p>[et_pb_section fb_built=&#8221;1&#8243; fullwidth=&#8221;on&#8221; _builder_version=&#8221;4.6.6&#8243; _module_preset=&#8221;default&#8221; global_colors_info=&#8221;{}&#8221;][et_pb_fullwidth_header title=&#8221; &#8221; _builder_version=&#8221;4.7.7&#8243; _module_preset=&#8221;default&#8221; background_enable_color=&#8221;off&#8221; background_image=&#8221;https:\/\/brancaia.com\/wp-content\/uploads\/hero.jpg&#8221; global_colors_info=&#8221;{}&#8221;][\/et_pb_fullwidth_header][\/et_pb_section][et_pb_section fb_built=&#8221;1&#8243; _builder_version=&#8221;4.6.6&#8243; _module_preset=&#8221;default&#8221; global_colors_info=&#8221;{}&#8221;][et_pb_row _builder_version=&#8221;4.6.6&#8243; _module_preset=&#8221;default&#8221; global_colors_info=&#8221;{}&#8221;][et_pb_column type=&#8221;4_4&#8243; _builder_version=&#8221;4.6.6&#8243; _module_preset=&#8221;default&#8221; global_colors_info=&#8221;{}&#8221;][et_pb_text _builder_version=&#8221;4.7.7&#8243; _module_preset=&#8221;default&#8221; global_colors_info=&#8221;{}&#8221;]<\/p>\n<h1>le annate<\/h1>\n<p>[\/et_pb_text][et_pb_menu menu_id=&#8221;41&#8243; _builder_version=&#8221;4.7.7&#8243; _module_preset=&#8221;default&#8221; global_colors_info=&#8221;{}&#8221;][\/et_pb_menu][\/et_pb_column][\/et_pb_row][et_pb_row _builder_version=&#8221;4.9.0&#8243; _module_preset=&#8221;default&#8221; global_colors_info=&#8221;{}&#8221;][et_pb_column type=&#8221;4_4&#8243; _builder_version=&#8221;4.7.7&#8243; _module_preset=&#8221;default&#8221; global_colors_info=&#8221;{}&#8221;][et_pb_text module_class=&#8221;ba-title-lead&#8221; _builder_version=&#8221;4.9.0&#8243; _module_preset=&#8221;default&#8221; global_colors_info=&#8221;{}&#8221;]<\/p>\n<h2 style=\"text-align: center;\"><\/h2>\n<h2 style=\"text-align: center;\">vendemmia 2008<\/h2>\n<p>Il corso dell&#8217;anno \u00e8 stato molto speciale. Le tanto attese piogge sono iniziate in inverno e sono continuate fino alla primavera. Soprattutto da maggio a giugno abbiamo avuto piogge frequenti e temperature ben al di sotto dei valori medi degli altri anni. Ci\u00f2 ha portato a una fioritura non ottimale e ha aumentato notevolmente il rischio di peronospora e oidio. All&#8217;inizio di luglio il tempo \u00e8 stato fantastico ed \u00e8 rimasto tale fino a fine ottobre. Ci\u00f2 ha permesso alle uve di crescere e maturare perfettamente come sperato.<\/p>\n<p>Nonostante una primavera difficile e una presenza di selvaggina eccezionalmente alta, in tutti i vigneti abbiamo raggiunto la qualit\u00e0 e la quantit\u00e0 che ci eravamo posti come obiettivo.<\/p>\n<p>Abbiamo iniziato la vendemmia a fine agosto con il Merlot e terminata a met\u00e0 ottobre con il Sangiovese di Poppi. Le condizioni di raccolta sono state ottime; le uve sono molto sane e perfettamente mature. Lavorare in tali circostanze \u00e8 stato un piacere, infatti siamo stati in grado di vendemmiare ogni vigneto al momento ottimale.<\/p>\n<p>I vini convincono con un ottimo equilibrio di colore, acidit\u00e0, alcol e tannini.<\/p>\n<p>[\/et_pb_text][et_pb_image src=&#8221;https:\/\/brancaia.com\/wp-content\/uploads\/Brancaia_Weingut_Rebjahr_1200x960px_2009_01.jpg&#8221; title_text=&#8221;Brancaia_Weingut_Rebjahr_1200x960px_2009_01&#8243; align=&#8221;center&#8221; _builder_version=&#8221;4.9.0&#8243; _module_preset=&#8221;default&#8221; width=&#8221;40%&#8221; global_colors_info=&#8221;{}&#8221;][\/et_pb_image][\/et_pb_column][\/et_pb_row][\/et_pb_section]<\/p>\n","protected":false},"excerpt":{"rendered":"<p>le annate vendemmia 2008 Il corso dell&#8217;anno \u00e8 stato molto speciale. Le tanto attese piogge sono iniziate in inverno e sono continuate fino alla primavera. Soprattutto da maggio a giugno abbiamo avuto piogge frequenti e temperature ben al di sotto dei valori medi degli altri anni. Ci\u00f2 ha portato a una fioritura non ottimale e [&hellip;]<\/p>\n","protected":false},"author":1,"featured_media":0,"parent":2200,"menu_order":25,"comment_status":"closed","ping_status":"closed","template":"","meta":{"_et_pb_use_builder":"on","_et_pb_old_content":"","_et_gb_content_width":"","footnotes":""},"class_list":["post-5547","page","type-page","status-publish","hentry"],"yoast_head":"<!-- This site is optimized with the Yoast SEO plugin v27.5 - https:\/\/yoast.com\/product\/yoast-seo-wordpress\/ -->\n<title>Vitigno 2008 - BRANCAIA<\/title>\n<meta name=\"robots\" content=\"index, follow, max-snippet:-1, max-image-preview:large, max-video-preview:-1\" \/>\n<link rel=\"canonical\" href=\"https:\/\/brancaia.com\/it\/azienda\/annate\/vitigno-2008\/\" \/>\n<meta property=\"og:locale\" content=\"it_IT\" \/>\n<meta property=\"og:type\" content=\"article\" \/>\n<meta property=\"og:title\" content=\"Vitigno 2008 - BRANCAIA\" \/>\n<meta property=\"og:description\" content=\"le annate vendemmia 2008 Il corso dell&#039;anno \u00e8 stato molto speciale. Le tanto attese piogge sono iniziate in inverno e sono continuate fino alla primavera. Soprattutto da maggio a giugno abbiamo avuto piogge frequenti e temperature ben al di sotto dei valori medi degli altri anni. Ci\u00f2 ha portato a una fioritura non ottimale e [&hellip;]\" \/>\n<meta property=\"og:url\" content=\"https:\/\/brancaia.com\/it\/azienda\/annate\/vitigno-2008\/\" \/>\n<meta property=\"og:site_name\" content=\"BRANCAIA\" \/>\n<meta property=\"article:modified_time\" content=\"2021-12-04T15:00:11+00:00\" \/>\n<meta name=\"twitter:card\" content=\"summary_large_image\" \/>\n<meta name=\"twitter:label1\" content=\"Tempo di lettura stimato\" \/>\n\t<meta name=\"twitter:data1\" content=\"2 minuti\" \/>\n<script type=\"application\/ld+json\" class=\"yoast-schema-graph\">{\"@context\":\"https:\\\/\\\/schema.org\",\"@graph\":[{\"@type\":\"WebPage\",\"@id\":\"https:\\\/\\\/brancaia.com\\\/it\\\/azienda\\\/annate\\\/vitigno-2008\\\/\",\"url\":\"https:\\\/\\\/brancaia.com\\\/it\\\/azienda\\\/annate\\\/vitigno-2008\\\/\",\"name\":\"Vitigno 2008 - BRANCAIA\",\"isPartOf\":{\"@id\":\"https:\\\/\\\/brancaia.com\\\/it\\\/#website\"},\"datePublished\":\"2021-02-24T16:58:37+00:00\",\"dateModified\":\"2021-12-04T15:00:11+00:00\",\"breadcrumb\":{\"@id\":\"https:\\\/\\\/brancaia.com\\\/it\\\/azienda\\\/annate\\\/vitigno-2008\\\/#breadcrumb\"},\"inLanguage\":\"it-IT\",\"potentialAction\":[{\"@type\":\"ReadAction\",\"target\":[\"https:\\\/\\\/brancaia.com\\\/it\\\/azienda\\\/annate\\\/vitigno-2008\\\/\"]}]},{\"@type\":\"BreadcrumbList\",\"@id\":\"https:\\\/\\\/brancaia.com\\\/it\\\/azienda\\\/annate\\\/vitigno-2008\\\/#breadcrumb\",\"itemListElement\":[{\"@type\":\"ListItem\",\"position\":1,\"name\":\"Home\",\"item\":\"https:\\\/\\\/brancaia.com\\\/it\\\/home\\\/\"},{\"@type\":\"ListItem\",\"position\":2,\"name\":\"Cantina\",\"item\":\"https:\\\/\\\/brancaia.com\\\/it\\\/azienda\\\/\"},{\"@type\":\"ListItem\",\"position\":3,\"name\":\"Annate\",\"item\":\"https:\\\/\\\/brancaia.com\\\/it\\\/azienda\\\/annate\\\/\"},{\"@type\":\"ListItem\",\"position\":4,\"name\":\"Vitigno 2008\"}]},{\"@type\":\"WebSite\",\"@id\":\"https:\\\/\\\/brancaia.com\\\/it\\\/#website\",\"url\":\"https:\\\/\\\/brancaia.com\\\/it\\\/\",\"name\":\"BRANCAIA\",\"description\":\"Winery &amp; Wines\",\"potentialAction\":[{\"@type\":\"SearchAction\",\"target\":{\"@type\":\"EntryPoint\",\"urlTemplate\":\"https:\\\/\\\/brancaia.com\\\/it\\\/?s={search_term_string}\"},\"query-input\":{\"@type\":\"PropertyValueSpecification\",\"valueRequired\":true,\"valueName\":\"search_term_string\"}}],\"inLanguage\":\"it-IT\"}]}<\/script>\n<!-- \/ Yoast SEO plugin. -->","yoast_head_json":{"title":"Vitigno 2008 - BRANCAIA","robots":{"index":"index","follow":"follow","max-snippet":"max-snippet:-1","max-image-preview":"max-image-preview:large","max-video-preview":"max-video-preview:-1"},"canonical":"https:\/\/brancaia.com\/it\/azienda\/annate\/vitigno-2008\/","og_locale":"it_IT","og_type":"article","og_title":"Vitigno 2008 - BRANCAIA","og_description":"le annate vendemmia 2008 Il corso dell'anno \u00e8 stato molto speciale. Le tanto attese piogge sono iniziate in inverno e sono continuate fino alla primavera. Soprattutto da maggio a giugno abbiamo avuto piogge frequenti e temperature ben al di sotto dei valori medi degli altri anni. Ci\u00f2 ha portato a una fioritura non ottimale e [&hellip;]","og_url":"https:\/\/brancaia.com\/it\/azienda\/annate\/vitigno-2008\/","og_site_name":"BRANCAIA","article_modified_time":"2021-12-04T15:00:11+00:00","twitter_card":"summary_large_image","twitter_misc":{"Tempo di lettura stimato":"2 minuti"},"schema":{"@context":"https:\/\/schema.org","@graph":[{"@type":"WebPage","@id":"https:\/\/brancaia.com\/it\/azienda\/annate\/vitigno-2008\/","url":"https:\/\/brancaia.com\/it\/azienda\/annate\/vitigno-2008\/","name":"Vitigno 2008 - BRANCAIA","isPartOf":{"@id":"https:\/\/brancaia.com\/it\/#website"},"datePublished":"2021-02-24T16:58:37+00:00","dateModified":"2021-12-04T15:00:11+00:00","breadcrumb":{"@id":"https:\/\/brancaia.com\/it\/azienda\/annate\/vitigno-2008\/#breadcrumb"},"inLanguage":"it-IT","potentialAction":[{"@type":"ReadAction","target":["https:\/\/brancaia.com\/it\/azienda\/annate\/vitigno-2008\/"]}]},{"@type":"BreadcrumbList","@id":"https:\/\/brancaia.com\/it\/azienda\/annate\/vitigno-2008\/#breadcrumb","itemListElement":[{"@type":"ListItem","position":1,"name":"Home","item":"https:\/\/brancaia.com\/it\/home\/"},{"@type":"ListItem","position":2,"name":"Cantina","item":"https:\/\/brancaia.com\/it\/azienda\/"},{"@type":"ListItem","position":3,"name":"Annate","item":"https:\/\/brancaia.com\/it\/azienda\/annate\/"},{"@type":"ListItem","position":4,"name":"Vitigno 2008"}]},{"@type":"WebSite","@id":"https:\/\/brancaia.com\/it\/#website","url":"https:\/\/brancaia.com\/it\/","name":"BRANCAIA","description":"Winery &amp; Wines","potentialAction":[{"@type":"SearchAction","target":{"@type":"EntryPoint","urlTemplate":"https:\/\/brancaia.com\/it\/?s={search_term_string}"},"query-input":{"@type":"PropertyValueSpecification","valueRequired":true,"valueName":"search_term_string"}}],"inLanguage":"it-IT"}]}},"_links":{"self":[{"href":"https:\/\/brancaia.com\/it\/wp-json\/wp\/v2\/pages\/5547","targetHints":{"allow":["GET"]}}],"collection":[{"href":"https:\/\/brancaia.com\/it\/wp-json\/wp\/v2\/pages"}],"about":[{"href":"https:\/\/brancaia.com\/it\/wp-json\/wp\/v2\/types\/page"}],"author":[{"embeddable":true,"href":"https:\/\/brancaia.com\/it\/wp-json\/wp\/v2\/users\/1"}],"replies":[{"embeddable":true,"href":"https:\/\/brancaia.com\/it\/wp-json\/wp\/v2\/comments?post=5547"}],"version-history":[{"count":8,"href":"https:\/\/brancaia.com\/it\/wp-json\/wp\/v2\/pages\/5547\/revisions"}],"predecessor-version":[{"id":8940,"href":"https:\/\/brancaia.com\/it\/wp-json\/wp\/v2\/pages\/5547\/revisions\/8940"}],"up":[{"embeddable":true,"href":"https:\/\/brancaia.com\/it\/wp-json\/wp\/v2\/pages\/2200"}],"wp:attachment":[{"href":"https:\/\/brancaia.com\/it\/wp-json\/wp\/v2\/media?parent=5547"}],"curies":[{"name":"wp","href":"https:\/\/api.w.org\/{rel}","templated":true}]}}

<p>[et_pb_section fb_built=&#8221;1&#8243; fullwidth=&#8221;on&#8221; _builder_version=&#8221;4.6.6&#8243; _module_preset=&#8221;default&#8221; global_colors_info=&#8221;{}&#8221;][et_pb_fullwidth_header title=&#8221; &#8221; _builder_version=&#8221;4.7.7&#8243; _module_preset=&#8221;default&#8221; background_enable_color=&#8221;off&#8221; background_image=&#8221;https://brancaia.com/wp-content/uploads/hero.jpg&#8221; global_colors_info=&#8221;{}&#8221;][/et_pb_fullwidth_header][/et_pb_section][et_pb_section fb_built=&#8221;1&#8243; _builder_version=&#8221;4.6.6&#8243; _module_preset=&#8221;default&#8221; global_colors_info=&#8221;{}&#8221;][et_pb_row _builder_version=&#8221;4.6.6&#8243; _module_preset=&#8221;default&#8221; global_colors_info=&#8221;{}&#8221;][et_pb_column type=&#8221;4_4&#8243; _builder_version=&#8221;4.6.6&#8243; _module_preset=&#8221;default&#8221; global_colors_info=&#8221;{}&#8221;][et_pb_text _builder_version=&#8221;4.7.7&#8243; _module_preset=&#8221;default&#8221; global_colors_info=&#8221;{}&#8221;]</p>
<h1>le annate</h1>
<p>[/et_pb_text][et_pb_menu menu_id=&#8221;41&#8243; _builder_version=&#8221;4.7.7&#8243; _module_preset=&#8221;default&#8221; global_colors_info=&#8221;{}&#8221;][/et_pb_menu][/et_pb_column][/et_pb_row][et_pb_row _builder_version=&#8221;4.9.0&#8243; _module_preset=&#8221;default&#8221; global_colors_info=&#8221;{}&#8221;][et_pb_column type=&#8221;4_4&#8243; _builder_version=&#8221;4.7.7&#8243; _module_preset=&#8221;default&#8221; global_colors_info=&#8221;{}&#8221;][et_pb_text module_class=&#8221;ba-title-lead&#8221; _builder_version=&#8221;4.9.0&#8243; _module_preset=&#8221;default&#8221; global_colors_info=&#8221;{}&#8221;]</p>
<h2 style="text-align: center;"></h2>
<h2 style="text-align: center;">vendemmia 2008</h2>
<p>Il corso dell&#8217;anno è stato molto speciale. Le tanto attese piogge sono iniziate in inverno e sono continuate fino alla primavera. Soprattutto da maggio a giugno abbiamo avuto piogge frequenti e temperature ben al di sotto dei valori medi degli altri anni. Ciò ha portato a una fioritura non ottimale e ha aumentato notevolmente il rischio di peronospora e oidio. All&#8217;inizio di luglio il tempo è stato fantastico ed è rimasto tale fino a fine ottobre. Ciò ha permesso alle uve di crescere e maturare perfettamente come sperato.</p>
<p>Nonostante una primavera difficile e una presenza di selvaggina eccezionalmente alta, in tutti i vigneti abbiamo raggiunto la qualità e la quantità che ci eravamo posti come obiettivo.</p>
<p>Abbiamo iniziato la vendemmia a fine agosto con il Merlot e terminata a metà ottobre con il Sangiovese di Poppi. Le condizioni di raccolta sono state ottime; le uve sono molto sane e perfettamente mature. Lavorare in tali circostanze è stato un piacere, infatti siamo stati in grado di vendemmiare ogni vigneto al momento ottimale.</p>
<p>I vini convincono con un ottimo equilibrio di colore, acidità, alcol e tannini.</p>
<p>[/et_pb_text][et_pb_image src=&#8221;https://brancaia.com/wp-content/uploads/Brancaia_Weingut_Rebjahr_1200x960px_2009_01.jpg&#8221; title_text=&#8221;Brancaia_Weingut_Rebjahr_1200x960px_2009_01&#8243; align=&#8221;center&#8221; _builder_version=&#8221;4.9.0&#8243; _module_preset=&#8221;default&#8221; width=&#8221;40%&#8221; global_colors_info=&#8221;{}&#8221;][/et_pb_image][/et_pb_column][/et_pb_row][/et_pb_section]</p>

<p>le annate vendemmia 2008 Il corso dell&#8217;anno è stato molto speciale. Le tanto attese piogge sono iniziate in inverno e sono continuate fino alla primavera. Soprattutto da maggio a giugno abbiamo avuto piogge frequenti e temperature ben al di sotto dei valori medi degli altri anni. Ciò ha portato a una fioritura non ottimale e [&hellip;]</p>

<!-- This site is optimized with the Yoast SEO plugin v27.5 - https://yoast.com/product/yoast-seo-wordpress/ -->
<title>Vitigno 2008 - BRANCAIA</title>
<meta name="robots" content="index, follow, max-snippet:-1, max-image-preview:large, max-video-preview:-1" />
<link rel="canonical" href="https://brancaia.com/it/azienda/annate/vitigno-2008/" />
<meta property="og:locale" content="it_IT" />
<meta property="og:type" content="article" />
<meta property="og:title" content="Vitigno 2008 - BRANCAIA" />
<meta property="og:description" content="le annate vendemmia 2008 Il corso dell&#039;anno è stato molto speciale. Le tanto attese piogge sono iniziate in inverno e sono continuate fino alla primavera. Soprattutto da maggio a giugno abbiamo avuto piogge frequenti e temperature ben al di sotto dei valori medi degli altri anni. Ciò ha portato a una fioritura non ottimale e [&hellip;]" />
<meta property="og:url" content="https://brancaia.com/it/azienda/annate/vitigno-2008/" />
<meta property="og:site_name" content="BRANCAIA" />
<meta property="article:modified_time" content="2021-12-04T15:00:11+00:00" />
<meta name="twitter:card" content="summary_large_image" />
<meta name="twitter:label1" content="Tempo di lettura stimato" />
	<meta name="twitter:data1" content="2 minuti" />
<script type="application/ld+json" class="yoast-schema-graph">{"@context":"https:\/\/schema.org","@graph":[{"@type":"WebPage","@id":"https:\/\/brancaia.com\/it\/azienda\/annate\/vitigno-2008\/","url":"https:\/\/brancaia.com\/it\/azienda\/annate\/vitigno-2008\/","name":"Vitigno 2008 - BRANCAIA","isPartOf":{"@id":"https:\/\/brancaia.com\/it\/#website"},"datePublished":"2021-02-24T16:58:37+00:00","dateModified":"2021-12-04T15:00:11+00:00","breadcrumb":{"@id":"https:\/\/brancaia.com\/it\/azienda\/annate\/vitigno-2008\/#breadcrumb"},"inLanguage":"it-IT","potentialAction":[{"@type":"ReadAction","target":["https:\/\/brancaia.com\/it\/azienda\/annate\/vitigno-2008\/"]}]},{"@type":"BreadcrumbList","@id":"https:\/\/brancaia.com\/it\/azienda\/annate\/vitigno-2008\/#breadcrumb","itemListElement":[{"@type":"ListItem","position":1,"name":"Home","item":"https:\/\/brancaia.com\/it\/home\/"},{"@type":"ListItem","position":2,"name":"Cantina","item":"https:\/\/brancaia.com\/it\/azienda\/"},{"@type":"ListItem","position":3,"name":"Annate","item":"https:\/\/brancaia.com\/it\/azienda\/annate\/"},{"@type":"ListItem","position":4,"name":"Vitigno 2008"}]},{"@type":"WebSite","@id":"https:\/\/brancaia.com\/it\/#website","url":"https:\/\/brancaia.com\/it\/","name":"BRANCAIA","description":"Winery &amp; Wines","potentialAction":[{"@type":"SearchAction","target":{"@type":"EntryPoint","urlTemplate":"https:\/\/brancaia.com\/it\/?s={search_term_string}"},"query-input":{"@type":"PropertyValueSpecification","valueRequired":true,"valueName":"search_term_string"}}],"inLanguage":"it-IT"}]}</script>
<!-- / Yoast SEO plugin. -->

le annate vendemmia 2008 Il corso dell'anno è stato molto speciale. Le tanto attese piogge sono iniziate in inverno e sono continuate fino alla primavera. Soprattutto da maggio a giugno abbiamo avuto piogge frequenti e temperature ben al di sotto dei valori medi degli altri anni. Ciò ha portato a una fioritura non ottimale e [&hellip;]
